4418 is divided by 184393.
25
Calculate the remainder when 180857 is divided by 559.
300
What is the remainder when 43668 is divided by 1163?
637
What is the remainder when 3327078 is divided by 26405?
48
What is the remainder when 14861360 is divided by 758?
12
What is the remainder when 109352184 is divided by 36450727?
3
Calculate the remainder when 14645 is divided by 1183.
449
What is the remainder when 61144973 is divided by 7734?
7703
What is the remainder when 189750 is divided by 37877?
365
What is the remainder when 20392626 is divided by 4078524?
6
Calculate the remainder when 227982 is divided by 45590.
32
Calculate the remainder when 4918012 is divided by 1652.
8
What is the remainder when 25240202 is divided by 5384?
10
What is the remainder when 19099 is divided by 2226?
1291
What is the remainder when 3284420 is divided by 9660?
20
What is the remainder when 208425 is divided by 933?
366
What is the remainder when 14375980 is divided by 594?
586
What is the remainder when 76319091 is divided by 15?
6
Calculate the remainder when 4067327 is divided by 256.
255
Calculate the remainder when 23252 is divided by 1343.
421
What is the remainder when 2316866098 is divided by 869?
866
What is the remainder when 400126 is divided by 405?
391
Calculate the remainder when 9298471 is divided by 1479.
1477
Calculate the remainder when 4815730 is divided by 6597.
6517
Calculate the remainder when 782973 is divided by 65243.
57
What is the remainder when 5680631 is divided by 41?
40
What is the remainder when 39523 is divided by 19110?
1303
Calculate the remainder when 669398 is divided by 5033.
9
Calculate the remainder when 5751631 is divided by 734.
7
What is the remainder when 540280 is divided by 11?
4
Calculate the remainder when 7313287 is divided by 122.
119
Calculate the remainder when 15047 is divided by 13176.
1871
What is the remainder when 123076 is divided by 192?
4
What is the remainder when 2666998 is divided by 106?
38
Calculate the remainder when 11914165 is divided by 51.
4
What is the remainder when 10255489 is divided by 387?
376
Calculate the remainder when 48027730 is divided by 6003465.
10
Calculate the remainder when 150050 is divided by 4659.
962
Calculate the remainder when 6167356 is divided by 112133.
41
Calculate the remainder when 1243354 is divided by 20.
14
What is the remainder when 223685 is divided by 359?
28
What is the remainder when 914073 is divided by 1045?
743
Calculate the remainder when 446692 is divided by 420.
232
Calculate the remainder when 230593 is divided by 637.
636
What is the remainder when 35353375 is divided by 10127?
18
What is the remainder when 2714796 is divided by 200?
196
What is the remainder when 72724 is divided by 340?
304
What is the remainder when 2289987 is divided by 49782?
15
Calculate the remainder when 286292 is divided by 205.
112
Calculate the remainder when 31160 is divided by 30715.
445
Calculate the remainder when 1303963 is divided by 217.
10
What is the remainder when 1565235 is divided by 150?
135
Calculate the remainder when 564100835 is divided by 26.
25
Calculate the remainder when 166876 is divided by 6579.
2401
What is the remainder when 1824880 is divided by 243?
193
Calculate the remainder when 12447 is divided by 3945.
612
Calculate the remainder when 2321118 is divided by 82.
26
What is the remainder when 168789 is divided by 18718?
327
Calculate the remainder when 1025168 is divided by 2245.
1448
What is the remainder when 5176488 is divided by 55?
53
Calculate the remainder when 416279 is divided by 32020.
19
Calculate the remainder when 196125 is divided by 406.
27
Calculate the remainder when 10904284 is divided by 307.
258
What is the remainder when 6188 is divided by 4813?
1375
Calculate the remainder when 1888667 is divided by 23.
22
What is the remainder when 3051229 is divided by 21?
13
What is the remainder when 3805012 is divided by 43?
28
Calculate the remainder when 476436 is divided by 905.
406
Calculate the remainder when 173522 is divided by 57736.
314
What is the remainder when 2552411 is divided by 2836?
11
Calculate the remainder when 315162 is divided by 156056.
3050
Calculate the remainder when 9379678 is divided by 83747.
14
Calculate the remainder when 263326 is divided by 693.
679
Calculate the remainder when 10620871 is divided by 1637.
15
Calculate the remainder when 7934846 is divided by 1770.
1706
What is the remainder when 288331 is divided by 495?
241
What is the remainder when 16818 is divided by 1751?
1059
What is the remainder when 103894565 is divided by 3524?
3521
Calculate the remainder when 600234944 is divided by 13.
10
What is the remainder when 65714 is divided by 7921?
2346
Calculate the remainder when 1165201972 is divided by 9005.
9002
What is the remainder when 9632151 is divided by 2306?
2295
What is the remainder when 368214 is divided by 4232?
30
What is the remainder when 15922994 is divided by 8621?
7
What is the remainder when 32395 is divided by 5384?
91
Calculate the remainder when 150049 is divided by 74823.
403
What is the remainder when 95650 is divided by 163?
132
Calculate the remainder when 22689805 is divided by 1369.
1368
What is the remainder when 780047 is divided by 43?
27
Calculate the remainder when 56668 is divided by 9219.
1354
Calculate the remainder when 52536 is divided by 7418.
610
What is the remainder when 75861 is divided by 75758?
103
What is the remainder when 138522 is divided by 1666?
244
What is the remainder when 1633234 is divided by 136044?
706
Calculate the remainder when 45838792 is divided by 1433.
1421
What is the remainder when 535242 is divided by 48656?
26
Calculate the remainder when 4604756 is divided by 146.
62
What is the remainder when 90107227 is divided by 8191562?
45
Calculate the remainder when 41035856 is divided by 2687.
2679
Calculate the remainder when 7441053 is divided by 14.
11
What is the remainder when 730426 is divided by 26?
8
Calculate the remainder when 1837262 is divided by 1837256.
6
What is the remainder when 47129 is divided by 22993?
1143
Calculate the remainder when 309134 is divided by 262.
236
Calculate the remainder when 34903565 is divided by 313.
309
Calculate the remainder when 404926 is divided by 503.
11
Calculate the remainder when 59862 is divided by 263.
161
Calculate the remainder when 342020 is divided by 2830.
2420
Calculate the remainder when 129523 is divided by 2588.
123
What is the remainder when 783295 is divided by 391572?
151
Calculate the remainder when 26935599 is divided by 904.
15
Calculate the remainder when 11874986 is divided by 104.
58
Calculate the remainder when 248182 is divided by 7299.
16
Calculate the remainder when 40644290 is divided by 4516032.
2
What is the remainder when 20353969 is divided by 33?
31
Calculate the remainder when 19892 is divided by 540.
452
What is the remainder when 182411808 is divided by 341?
337
Calculate the remainder when 700960 is divided by 5312.
5088
Calculate the remainder when 414356 is divided by 479.
21
What is the remainder when 36720350 is divided by 979?
18
What is the remainder when 151834 is divided by 2809?
148
Calculate the remainder when 9370198 is divided by 679.
677
Calculate the remainder when 894029 is divided by 266.
3
What is the remainder when 366746 is divided by 183108?
530
What is the remainder when 9618 is divided by 1584?
114
What is the remainder when 86991677 is divided by 483?
479
What is the remainder when 11429288 is divided by 1697?
1690
Calculate the remainder when 97257 is divided by 1038.
723
Calculate the remainder when 5676621 is divided by 246.
171
Calculate the remainder when 245694018 is divided by 5420.
5418
What is the remainder when 14755769 is divided by 2755?
2744
What is the remainder when 278706539 is divided by 420?
419
Calculate the remainder when 594161 is divided by 196893.
3482
Calculate the remainder when 18046 is divided by 17138.
908
What is the remainder when 447091 is divided by 55?
51
What is the remainder when 1862766 is divided by 184?
134
What is the remainder when 92641 is divided by 9264?
1
What is the remainder when 2340074 is divided by 7645?
704
Calculate the remainder when 69284 is divided by 1017.
128
Cal